x(y)?
7
Suppose 27*y = 23*y + 8. Suppose 2*m - 32 = -2*m - 4*l, 2*l = y*m. Let b be (-1)/m*0 + 4. Let a(f) = -f**3 + 3*f**2 + 4*f - 2. Calculate a(b).
-2
Let k(y) be the first derivative of -y**2/2 - 17*y + 7036. Calculate k(15).
-32
Suppose 22*y - 87*y + 231 = 12*y. Let k(j) = -2*j**3 + 4*j**2 - 3*j + 12. Determine k(y).
-15
Let x(o) be the first derivative of 35*o**2 + 565*o + 15106. Give x(-8).
5
Let q(u) = -3 + 8*u**2 + 2*u - 4*u**2 + 0*u - 3*u**2. Let k be q(0). Let j(a) = -a - 1. Let o be j(k). Let y(t) = -4*t - 2. Calculate y(o).
-10
Let c(v) = -v**3 + 12*v**2 - 8*v + 4. Let f be c(11). Let a be -3*(-4)/14*7*2. Suppose f*q - a = 31*q. Let o(h) = h**2 + 2. What is o(q)?
6
Let c(u) = -15 + 0 - u + u**2 - 1. Let m = -174 + 251. Suppose 76*v - m*v = 0. Give c(v).
-16
Suppose -2*l + 46 = 4*g, g - l = 1 + 6. Suppose 3*w - g = 8. Suppose -5*i - w = -31. Let j(p) = -p**3 + 6*p**2 - 6*p - 4. Give j(i).
-9
Let b = -19 + 35. Let u(p) = -13 + 2*p + 28 - b. Determine u(-2).
-5
Let w(d) be the second derivative of 5*d**4/4 - d**3/2 + 5*d**2/2 + 61*d - 10. Calculate w(2).
59
Let l(m) = m**2 - 3*m - 25. Suppose -337*s = -321*s + 64. Give l(s).
3
Suppose 0 = 15*c - 51 - 24. Suppose 5*k + 3*i = 40, -5*k = c*i - 9*i - 5. Let g(y) be the first derivative of -y**3/3 + 7*y**2/2 - 6*y + 12. Calculate g(k).
4
Let g(i) = -i**2 + 16*i - 69. Let z be g(11). Let o be (z/(-5))/(8/20*1). Let t(r) = -2*r + 9. What is t(o)?
-5
Let l(c) = -c**3 - c + 14. Let u = -23032 + 23032. Give l(u).
14
Let s(b) = 5*b + 34. Let y(j) = 106*j + 29 + 107*j - 209*j. Let h(p) = 6*s(p) - 7*y(p). Determine h(-7).
-13
Let g(a) = -22*a - 2. Let o = -14231 + 14235. What is g(o)?
-90
Let p(s) = 50 + 56 + 7*s - 173 + 62. What is p(-1)?
-12
Let p(h) = 2*h - 2. Let o be p(-3). Let y be ((-12)/o)/(12/80). Suppose -4*m = -y*m - 18. Let l(b) = b**3 + 2*b**2. Calculate l(m).
-9
Let o(z) be the third derivative of -11*z**5/60 + 5*z**4/2 - 16*z**3/3 - 64*z**2 + 14*z - 1. Give o(5).
-7
Let t(n) = -3*n**3 + 19*n**2 + 29*n + 28. Let j(l) = 2*l**3 - 11*l**2 - 16*l - 15. Let m(k) = -7*j(k) - 4*t(k). Calculate m(0).
-7
Let p(o) = o**3 + 11*o**2 + 27*o - 3. Suppose 9*f - 50 + 58 = -55. Calculate p(f).
4
Let b(a) = 39*a - 3. Let s(j) = 20*j. Let p(i) = b(i) - 2*s(i). Suppose 45 = -5*x + 2*l + 5, -4*l + 50 = -5*x. Give p(x).
3
Let q(t) be the second derivative of t**4/12 - 7*t**3/6 - 4*t**2 - 8*t + 5. Let m = 109 + -100. Give q(m).
10
Let d(k) be the second derivative of k**4/12 - k**3 + 5*k**2/2 + 4*k. Suppose -23*f + 31*f - 104 = 0. Suppose f*r - 7*r = 42. Determine d(r).
12
Suppose 13*i - 228 = 58. Let h(j) = -j**3 + 23*j**2 - 23*j + 23. Give h(i).
1
Let u(p) = -4*p - 32. Let f(w) = -3*w**2 - 14*w + 107. Let t be f(-9). Give u(t).
8
Let y(l) = -20*l**3 + 14*l**2 + 12*l + 17. Let a(t) = -7*t**3 + 5*t**2 + 4*t + 0*t**3 - 8 - 16 + 30. Let m(h) = 17*a(h) - 6*y(h). What is m(-3)?
-6
Let w(v) = -66*v - 196. Let y be w(-3). Let s(j) = -24 - j**y + 5*j + 58 - 29. Suppose 2*b = -3*b + 15, -5*r + 40 = 5*b. What is s(r)?
5
Let f(o) = -o**2 - 4*o + 3 + 3*o - 2*o + 0*o. Let u be (-9)/(-6) - 171/(-6). Suppose u = -38*t + 33*t. What is f(t)?
-15
Let m(g) be the third derivative of 5*g**4/24 - 3*g**3/2 - 9*g**2 + 70*g. Give m(6).
21
Let a(n) = 6*n**2 + 1. Let h be a(1). Suppose -16*x = -91 + 59. Let t(z) = 6 - h - z**x - 2*z + 7*z - 6. Determine t(5).
-7
Suppose 0 = u - 7*u + 18. Suppose -5*k + 123 = -u*r, r - 3*r = -4*k + 80. Let v = r - -46. Let z(a) = a**2 - a + 2. What is z(v)?
2
Let a(i) = -14*i + 0*i - 138 - 149 + 401 - 137. Calculate a(-3).
19
Let k = -45 + 44. Let b be k/((-9 - -4)/65). Let c(z) = -28 + 10 + 2*z + b. Calculate c(4).
3
Let w(l) = 29*l + 27. Suppose -33 = 3*m - 3*t - 3, 0 = 5*m - 4*t + 45. Give w(m).
-118
Let d = 10 - 6. Let c(u) be the first derivative of -u**5/120 + 5*u**4/24 + 110*u**3/3 - 140. Let h(j) be the third derivative of c(j). What is h(d)?
1
Let s(g) = -13*g**3 + 23*g**2 - 43*g - 54. Let h(z) = -22*z**3 + 46*z**2 - 85*z - 106. Let j(l) = -3*h(l) + 5*s(l). What is j(21)?
6
Let p(r) = r**2 - 22*r + 36. Let g(l) = 21*l**2 + 431*l + 233. Let c be g(-20). What is p(c)?
-81
Suppose -7 = -2*f + j, 3*j + 174 - 168 = f. Let i(a) = 5*a**2 + 13. Let t(v) = -11*v**2 - 27. Let c(w) = -13*i(w) - 6*t(w). Determine c(f).
2
Let b(n) = n**2 - 9*n + 57. Let z(s) = -4*s + 1. Let g(a) = b(a) + 2*z(a). Give g(7).
-11
Let t(i) = i**2 - 7*i + 3. Let g(q) = -3*q**2 + 22*q - 10. Let a(f) = 4*g(f) + 11*t(f). Let y = 72077 + -72068. Calculate a(y).
11
Let t(l) = -7*l**3 - 41*l**2 - 4*l. Let o(i) = 6*i**3 + 35*i**2 + 4*i. Let c(s) = -6*o(s) - 5*t(s). Give c(-3).
-6
Suppose -t - 5*s + 5 = 0, 2*s - 1 = -7. Suppose 0 = 2*i - l + 15, 3*l - 4*l - t = 5*i. Let z(f) = -7*f - 33. Let a be z(i). Let w(n) = 3*n + 1. Calculate w(a).
7
Let a(k) = -k**2 - 2*k - 5. Let i = -3231 - -3227. Give a(i).
-13
Let k(w) = 5*w**2 + 5*w - 2. Let l(h) = -3*h**2 + 12. Let i(z) = 2*z**2 - 9. Let o(f) = 4*i(f) + 3*l(f). Let n(m) = -k(m) - 4*o(m). Give n(-5).
2
Let j be (12/(-10))/(3/(-45)*3). Suppose j*w - 7*w = -1. Let s(t) = 2 + 0 - 2*t - t + 2*t. Calculate s(w).
1
Let d(y) = y**2 + 1. Suppose 2*s = -2*p - 6, -33*p + 5*s - 3 = -35*p. Let a(j) = j**3 - 14*j**2 + 1. Let f(t) = p*d(t) - a(t). Give f(8).
-7
Let v(q) = 62*q - 1786. Let g be v(29). Let h(c) = 7*c - 23. Calculate h(g).
61
Let x be (-6)/(-9)*171/6. Let h(u) = -5 + x + 8*u - 12. What is h(-3)?
-22
Let m(f) = f**2 - 11*f - 6. Let k = 201 + -127. Suppose 0 = 67*y - k*y + 84. Calculate m(y).
6
Let g = -38 + 41. Suppose -w + g*w = 80. Let s = 37 - w. Let o(z) = -z**2 + z + 2. Give o(s).
-10
Let w = -150 + 262. Suppose -5*l + w = 2. Let s(d) = -d**3 + 21*d**2 + 24*d - 43. Let h be s(l). Let n(b) = 6*b**2 + 1. What is n(h)?
7
Let z(x) = 2*x - 15. Let g be 7/(-14) - 7/(-2). Suppose 13 = v + g*o - 5, -3*o = 3*v - 36. Calculate z(v).
3
Let r(f) = 8*f - 12. Let p be r(3). Suppose -9*j + p*j = 0. Let c(x) = 0 + 5*x + j - 4*x. Give c(-3).
-3
Let h be (-1 - -3)/(5/(-50)). Let k(t) = 7*t + 125. Calculate k(h).
-15
Let j(x) = 2*x - 5*x + 2*x + 0 + 1. Let s(f) = 3*f + 11. Let n(o) = 2*j(o) + s(o). Suppose -5*q = 3*u + 33, -2*q + 20 - 14 = -2*u. What is n(u)?
7
Let a(c) = -7*c - 16 + 0*c - 13*c + 23*c. What is a(5)?
-1
Let m(s) = -2 - 3*s + 257*s**2 - 243*s**2 - 2*s + 5*s + s. Calculate m(1).
13
Let z(d) be the second derivative of d**5/20 - 2*d**4/3 + 7*d**3/6 - 5*d**2 + 14*d + 10. Let b be (14/8)/((-12)/(-48)). Give z(b).
-10
Let t(h) be the first derivative of -11/2*h**2 + 0*h - h**3 + 2 - 1/24*h**4. Let d(z) be the second derivative of t(z). Calculate d(-7).
1
Let o(h) be the second derivative of 3/2*h**2 - 34 - 2*h + 1/12*h**4 + 1/6*h**3. Give o(-3).
9
Let p(j) = 13*j**2 + 6*j + 3. Let n(o) = -6*o**2 - 4*o - 2. Let b(z) = -3*n(z) - 2*p(z). Give b(-1).
-8
Let h(s) be the first derivative of 1/2*s**2 + s + 48 - 4/3*s**3. Give h(2).
-13
Let v(c) = 23 - 1 - 6 - 3 - 2*c + 22. Give v(13).
9
Let d = 9580 - 9584. Let m(g) = g - 5. Determine m(d).
-9
Let t(z) = 9*z**2 + 11*z**2 - 23*z**2 - 131*z + 47*z + z**2 - 1. Calculate t(-42).
-1
Let w(b) = -5*b + 9. Suppose -3*s - 21 + 156 = 0. Let h be s/(-2)*(0 + (-32)/12). Suppose 59*l = h*l - 6. Calculate w(l).
-21
Let i(v) = -50*v**3 - 6 - 1 + 49*v**3 - 2*v + 0*v + 6*v**2. Suppose 2*b = -5*x - 1 - 19, -2*x + 4*b + 16 = 0. Let a(k) = -5*k - 5. Let p be a(x). What is i(p)?
8
Let g(t) = 11*t + 30. Let m(d) = -21*d - 60. Let n(c) = -11*g(c) - 6*m(c). Let b be n(-6). Let k be ((2 - -1) + b)/1. Let v(y) = -3*y**2 + 3*y - 3. Give v(k).
-21
Let n(j) = j**3 - 6*j**2 + 3*j - 6. Let s(z) = z - 94. Let l be s(0). Let v = -84 - l. Suppose -2*d + 4 = -q - 1, 0 = 4*q - 2*d - v. What is n(q)?
-16
Let g(a) be the third derivative of -a**4/24 + 2*a**3/3 + 751*a**2. Suppose 2*m - 10 = 0, 2*u - m = -u - 17. Give g(u).
8
Let i(j) be the second derivative of 0 - 1/360*j**6 + 11/6*j**3 + 7/120*j**5 - 1/3*j**4 + 0*j**2 + 3*j. Let t(a) be the second derivative of i(a). What is t(7)?
-8
Let r(v) = -3*v**2 + 12*v + 19. Let q be r(5). Let l(a) = -11*a + 15. Let y(j) = -7*j + 10. Let o(i) = -5*l(i) + 7*y(i). Determine o(q).
19
Let k be 1/3 - 6800/(-408). Let r(g) = 3*g**2 - 52*g + 28. Give r(k).
11
Let m(y) = -3*y**3 - 33*y**2 - 6*y + 81. Let i(k) = 5*k**3 + 49*k**2 + 9*k - 121. Let 